t is the highest common factor of 38 and 1216?
38
Calculate the highest common divisor of 602 and 21.
7
What is the greatest common factor of 40 and 30?
10
What is the greatest common divisor of 351 and 459?
27
Calculate the greatest common divisor of 5 and 24405.
5
Calculate the highest common factor of 12 and 273.
3
What is the highest common divisor of 285 and 2055?
15
Calculate the highest common divisor of 7689 and 33.
33
What is the highest common divisor of 48 and 108?
12
Calculate the greatest common factor of 28 and 56.
28
Calculate the highest common divisor of 869 and 474.
79
Calculate the greatest common factor of 18 and 1827.
9
What is the highest common factor of 1365 and 63?
21
What is the greatest common divisor of 621 and 23?
23
What is the greatest common factor of 203 and 2291?
29
What is the highest common factor of 133 and 16359?
133
What is the highest common factor of 108 and 684?
36
What is the greatest common factor of 93 and 496?
31
Calculate the greatest common factor of 3328 and 338.
26
Calculate the highest common divisor of 684 and 4180.
76
Calculate the greatest common divisor of 1491 and 42.
21
What is the highest common divisor of 240 and 300?
60
Calculate the highest common divisor of 2376 and 88.
88
What is the highest common divisor of 5274 and 18?
18
Calculate the greatest common divisor of 25 and 16200.
25
Calculate the highest common factor of 22 and 13486.
22
What is the highest common divisor of 204 and 153?
51
Calculate the greatest common factor of 130 and 832.
26
What is the highest common factor of 78 and 13078?
26
What is the greatest common divisor of 28 and 798?
14
What is the highest common factor of 8 and 792?
8
Calculate the greatest common factor of 14565 and 10.
5
What is the greatest common factor of 25 and 7825?
25
Calculate the greatest common divisor of 66 and 968.
22
Calculate the highest common divisor of 12 and 1404.
12
What is the greatest common factor of 4 and 5108?
4
What is the highest common factor of 81 and 567?
81
Calculate the highest common factor of 48 and 48.
48
What is the highest common divisor of 100 and 100?
100
Calculate the greatest common divisor of 2597 and 98.
49
What is the highest common divisor of 56384 and 16?
16
Calculate the highest common factor of 4191 and 66.
33
Calculate the highest common factor of 25653 and 51.
51
Calculate the highest common factor of 11577 and 34.
17
What is the highest common factor of 1260 and 490?
70
Calculate the greatest common divisor of 180 and 27.
9
What is the highest common divisor of 6215 and 15?
5
What is the highest common divisor of 245 and 105?
35
What is the highest common factor of 6743 and 22?
11
What is the highest common divisor of 24 and 1980?
12
Calculate the highest common factor of 4455 and 198.
99
What is the highest common factor of 34 and 3536?
34
Calculate the greatest common factor of 4747 and 47.
47
What is the greatest common factor of 196 and 8?
4
Calculate the highest common divisor of 3 and 96.
3
Calculate the highest common divisor of 124 and 4.
4
Calculate the greatest common factor of 17 and 44489.
17
Calculate the highest common factor of 2597 and 53.
53
What is the greatest common divisor of 112 and 7?
7
What is the greatest common divisor of 4070 and 25?
5
Calculate the greatest common factor of 14 and 42.
14
Calculate the greatest common factor of 319 and 58.
29
What is the greatest common divisor of 143 and 286?
143
Calculate the highest common factor of 378 and 72.
18
Calculate the highest common factor of 30 and 96.
6
What is the greatest common factor of 28 and 46116?
28
What is the greatest common factor of 72 and 2748?
12
What is the greatest common divisor of 31137 and 97?
97
What is the greatest common divisor of 250 and 200?
50
What is the greatest common factor of 7218 and 9?
9
Calculate the highest common factor of 387 and 3225.
129
Calculate the greatest common divisor of 35 and 665.
35
Calculate the greatest common divisor of 45 and 240.
15
Calculate the greatest common divisor of 1 and 61.
1
Calculate the highest common factor of 97 and 49373.
97
What is the greatest common divisor of 56 and 40?
8
What is the highest common factor of 931 and 38?
19
Calculate the greatest common factor of 20 and 70.
10
What is the highest common factor of 801 and 89?
89
What is the highest common factor of 1886 and 2050?
82
What is the greatest common factor of 544 and 96?
32
What is the greatest common factor of 13 and 41015?
13
What is the greatest common factor of 2978 and 2?
2
Calculate the highest common divisor of 456 and 3000.
24
What is the greatest common factor of 552 and 192?
24
Calculate the highest common factor of 61 and 14701.
61
What is the highest common factor of 36 and 288?
36
What is the greatest common factor of 12 and 516?
12
Calculate the greatest common divisor of 210 and 945.
105
Calculate the greatest common divisor of 493 and 29.
29
What is the highest common factor of 288 and 126?
18
What is the greatest common factor of 8834 and 56?
14
Calculate the greatest common divisor of 3375 and 125.
125
Calculate the greatest common divisor of 46095 and 105.
105
What is the highest common divisor of 2929 and 58?
29
What is the highest common factor of 378 and 546?
42
Calculate the greatest common divisor of 7093 and 123.
41
What is the highest common factor of 56 and 1694?
14
Calculate the highest common divisor of 21 and 777.
21
What is the greatest common divisor of 21 and 336?
21
What is the greatest common divisor of 260 and 7540?
260
What is the highest common divisor of 462 and 756?
42
What is the highest common divisor of 135 and 54?
27
Calculate the highest common factor of 80 and 64.
16
Calculate the greatest common divisor of 51 and 102.
51
Calculate the highest common factor of 518 and 5106.
74
What is the highest common factor of 1215 and 15?
15
Calculate the highest common factor of 2145 and 880.
55
Calculate the highest common factor of 651 and 21.
21
What is the highest common divisor of 1030 and 10?
10
Calculate the highest common divisor of 53 and 53.
53
Calculate the greatest common divisor of 2507 and 109.
109
What is the greatest common factor of 4108 and 5056?
316
Calculate the greatest common factor of 79 and 1264.
79
Calculate the greatest common factor of 29 and 377.
29
Calculate the greatest common factor of 799 and 47.
47
Calculate the greatest common divisor of 228 and 1444.
76
Calculate the highest common divisor of 688 and 43.
43
What is the greatest common divisor of 1001 and 91?
91
What is the greatest common factor of 480 and 66?
6
What is the highest common divisor of 4601 and 86?
43
What is the highest common factor of 2856 and 5880?
168
Calculate the greatest common divisor of 16056 and 72.
72
What is the greatest common divisor of 14991 and 171?
57
What is the highest common divisor of 84 and 126?
42
Calculate the highest common divisor of 142 and 355.
71
Calculate the highest common factor of 8 and 18.
2
Calculate the greatest common factor of 8 and 464.
8
Calculate the greatest common divisor of 242 and 66.
22
Calculate the highest common divisor of 1012 and 1150.
46
Calculate the highest common factor of 8544 and 16.
16
Calculate the highest common divisor of 413 and 236.
59
Calculate the highest common divisor of 37224 and 88.
88
Calculate the greatest common factor of 942 and 24.
6
Calculate the highest common divisor of 228 and 2850.
114
Calculate the greatest common factor of 1719 and 27.
9
What is the highest common factor of 405 and 81?
81
Calculate the highest common factor of 64 and 3664.
16
Calculate the greatest common divisor of 722 and 76.
38
What is the greatest common divisor of 289 and 153?
17
Calculate the highest common divisor of 396 and 36.
36
What is the greatest common factor of 33539 and 22?
11
What is the highest common factor of 18 and 198?
18
What is the greatest common divisor of 679 and 1261?
97
Calculate the greatest common divisor of 3150 and 189.
63
What is the highest common divisor of 7144 and 760?
152
Calculate the greatest common factor of 164 and 2050.
82
Calculate the highest common divisor of 25 and 365.
5
Calculate the highest common divisor of 18 and 117.
9
Calculate the highest common divisor of 